ors of 84529?
137, 617
List the prime factors of 1024.
2
List the prime factors of 1632.
2, 3, 17
What are the prime factors of 21207?
3, 7069
What are the prime factors of 654?
2, 3, 109
What are the prime factors of 44968?
2, 7, 11, 73
What are the prime factors of 1335?
3, 5, 89
List the prime factors of 4185.
3, 5, 31
What are the prime factors of 37679?
41, 919
What are the prime factors of 36848?
2, 7, 47
What are the prime factors of 416?
2, 13
List the prime factors of 51745.
5, 79, 131
List the prime factors of 136.
2, 17
List the prime factors of 630.
2, 3, 5, 7
List the prime factors of 5586.
2, 3, 7, 19
List the prime factors of 4483.
4483
What are the prime factors of 802?
2, 401
What are the prime factors of 2164?
2, 541
List the prime factors of 10197.
3, 11, 103
List the prime factors of 47.
47
What are the prime factors of 41587?
7, 13, 457
List the prime factors of 34321.
7, 4903
What are the prime factors of 405?
3, 5
List the prime factors of 527.
17, 31
What are the prime factors of 98682?
2, 3, 16447
List the prime factors of 21273.
3, 7, 1013
What are the prime factors of 510?
2, 3, 5, 17
What are the prime factors of 18775?
5, 751
List the prime factors of 19059.
3, 6353
List the prime factors of 19016.
2, 2377
What are the prime factors of 44577?
3, 13, 127
List the prime factors of 1468.
2, 367
What are the prime factors of 632?
2, 79
List the prime factors of 5908.
2, 7, 211
List the prime factors of 15427.
15427
What are the prime factors of 144?
2, 3
What are the prime factors of 970?
2, 5, 97
List the prime factors of 40003.
109, 367
What are the prime factors of 305?
5, 61
What are the prime factors of 83?
83
List the prime factors of 11948.
2, 29, 103
List the prime factors of 2176.
2, 17
What are the prime factors of 101661?
3, 7, 47, 103
List the prime factors of 2887.
2887
List the prime factors of 6318.
2, 3, 13
What are the prime factors of 2874?
2, 3, 479
List the prime factors of 4748.
2, 1187
List the prime factors of 36505.
5, 7, 149
What are the prime factors of 301?
7, 43
What are the prime factors of 34774?
2, 17387
What are the prime factors of 3563?
7, 509
What are the prime factors of 45848?
2, 11, 521
What are the prime factors of 191?
191
What are the prime factors of 478?
2, 239
List the prime factors of 3965.
5, 13, 61
List the prime factors of 713.
23, 31
What are the prime factors of 543?
3, 181
List the prime factors of 383.
383
List the prime factors of 203.
7, 29
List the prime factors of 1429.
1429
What are the prime factors of 1506?
2, 3, 251
What are the prime factors of 18785?
5, 13, 17
List the prime factors of 71378.
2, 89, 401
What are the prime factors of 1271?
31, 41
What are the prime factors of 1361?
1361
List the prime factors of 5382.
2, 3, 13, 23
What are the prime factors of 83523?
3, 11, 2531
What are the prime factors of 27381?
3, 9127
What are the prime factors of 20053?
11, 1823
What are the prime factors of 27711?
3, 3079
What are the prime factors of 841?
29
List the prime factors of 30353.
127, 239
What are the prime factors of 6138?
2, 3, 11, 31
List the prime factors of 20.
2, 5
List the prime factors of 5131.
7, 733
What are the prime factors of 77?
7, 11
List the prime factors of 89.
89
List the prime factors of 6510.
2, 3, 5, 7, 31
What are the prime factors of 120681?
3, 11, 23, 53
List the prime factors of 93.
3, 31
List the prime factors of 1405.
5, 281
List the prime factors of 1862.
2, 7, 19
What are the prime factors of 17767?
109, 163
What are the prime factors of 7292?
2, 1823
What are the prime factors of 254?
2, 127
What are the prime factors of 3687?
3, 1229
What are the prime factors of 53571?
3, 7, 2551
List the prime factors of 729.
3
What are the prime factors of 14588?
2, 7, 521
What are the prime factors of 45964?
2, 11491
What are the prime factors of 8672?
2, 271
What are the prime factors of 65128?
2, 7, 1163
What are the prime factors of 7921?
89
What are the prime factors of 62?
2, 31
What are the prime factors of 866?
2, 433
What are the prime factors of 3669?
3, 1223
List the prime factors of 114328.
2, 31, 461
List the prime factors of 17066.
2, 7, 23, 53
What are the prime factors of 3336?
2, 3, 139
List the prime factors of 6943.
53, 131
List the prime factors of 4588.
2, 31, 37
What are the prime factors of 67079?
67079
What are the prime factors of 2219?
7, 317
What are the prime factors of 107?
107
What are the prime factors of 32416?
2, 1013
List the prime factors of 51473.
51473
What are the prime factors of 322?
2, 7, 23
What are the prime factors of 360?
2, 3, 5
List the prime factors of 271.
271
What are the prime factors of 10238?
2, 5119
What are the prime factors of 13560?
2, 3, 5, 113
List the prime factors of 5773.
23, 251
List the prime factors of 3859.
17, 227
List the prime factors of 7789.
7789
List the prime factors of 11677.
11677
What are the prime factors of 6416?
2, 401
What are the prime factors of 160?
2, 5
List the prime factors of 102803.
223, 461
What are the prime factors of 29122?
2, 14561
What are the prime factors of 2100?
2, 3, 5, 7
List the prime factors of 3742.
2, 1871
What are the prime factors of 1708?
2, 7, 61
What are the prime factors of 4996?
2, 1249
List the prime factors of 277.
277
What are the prime factors of 87671?
87671
What are the prime factors of 798?
2, 3, 7, 19
List the prime factors of 9115.
5, 1823
What are the prime factors of 981?
3, 109
What are the prime factors of 71030?
2, 5, 7103
What are the prime factors of 705?
3, 5, 47
What are the prime factors of 7828?
2, 19, 103
List the prime factors of 1304.
2, 163
List the prime factors of 5352.
2, 3, 223
List the prime factors of 11754.
2, 3, 653
What are the prime factors of 16362?
2, 3, 101
List the prime factors of 6062.
2, 7, 433
List the prime factors of 12855.
3, 5, 857
List the prime factors of 4362.
2, 3, 727
What are the prime factors of 14731?
14731
List the prime factors of 18069.
3, 19, 317
What are the prime factors of 46491?
3, 15497
List the prime factors of 58463.
17, 19, 181
List the prime factors of 593.
593
What are the prime factors of 16072?
2, 7, 41
What are the prime factors of 17?
17
List the prime factors of 3667.
19, 193
What are the prime factors of 119?
7, 17
List the prime factors of 13940.
2, 5, 17, 41
What are the prime factors of 15019?
23, 653
What are the prime factors of 978?
2, 3, 163
List the prime factors of 34322.
2, 131
What are the prime factors of 633?
3, 211
What are the prime factors of 3377?
11, 307
List the prime factors of 6812.
2, 13, 131
List the prime factors of 5709.
3, 11, 173
List the prime factors of 1619.
1619
What are the prime factors of 11?
11
List the prime factors of 39173.
43, 911
What are the prime factors of 3029?
13, 233
What are the prime factors of 23170?
2, 5, 7, 331
What are the prime factors of 4510?
2, 5, 11, 41
What are the prime factors of 7635?
3, 5, 509
What are the prime factors of 343?
7
What are the prime factors of 253?
11, 23
What are the prime factors of 2863?
7, 409
List the prime factors of 1940.
2, 5, 97
List the prime factors of 53566.
2, 26783
List the prime factors of 57667.
57667
List the prime factors of 11505.
3, 5, 13, 59
List the prime factors of 22004.
2, 5501
List the prime factors of 1028.
2, 257
List the prime factors of 1499.
1499
List the prime factors of 13824.
2, 3
What are the prime factors of 48220?
2, 5, 2411
What are the prime factors of 171829?
7, 24547
What are the prime factors of 5099?
5099
List the prime factors of 996.
2, 3, 83
List the prime factors of 29532.
2, 3, 23, 107
List the prime factors of 14163.
3, 4721
List the prime factors of 95365.
5, 19073
List the prime factors of 4151.
7, 593
List the prime factors of 48558.
2, 3, 8093
List the prime factors of 1283.
1283
List the prime factors of 3405.
3, 5, 227
What are the prime factors of 2539?
2539
What are the prime factors of 644?
2, 7, 23
List the prime factors of 5353.
53, 101
List the prime factors of 1257.
3, 419
What are the prime factors of 1261?
13, 97
What are the prime factors of 15201?
3, 563
What are the prime factors of 27402?
2, 3, 4567
What are the prime factors of 486?
2, 3
What are the prime factors of 46?
2, 23
List the prime factors of 9270.
2